ulate the highest common factor of 24 and 16428.
12
What is the greatest common divisor of 33 and 1903?
11
Calculate the highest common factor of 49 and 1120.
7
Calculate the highest common divisor of 84 and 48.
12
What is the greatest common factor of 164 and 44?
4
Calculate the greatest common divisor of 204 and 51.
51
Calculate the highest common divisor of 465 and 6.
3
What is the highest common factor of 28 and 868?
28
What is the greatest common divisor of 282 and 517?
47
Calculate the greatest common factor of 1785 and 510.
255
What is the greatest common factor of 42 and 357?
21
What is the highest common factor of 25 and 115?
5
Calculate the greatest common factor of 1507 and 22.
11
Calculate the greatest common divisor of 90 and 75.
15
Calculate the greatest common divisor of 1431 and 636.
159
What is the highest common divisor of 9 and 1029?
3
What is the greatest common factor of 252 and 2289?
21
Calculate the highest common divisor of 110 and 10.
10
Calculate the highest common divisor of 3078 and 12.
6
Calculate the greatest common factor of 483 and 207.
69
What is the highest common divisor of 3486 and 913?
83
Calculate the highest common divisor of 52 and 2912.
52
Calculate the greatest common divisor of 50 and 1700.
50
Calculate the greatest common factor of 23679 and 54.
27
What is the highest common divisor of 6960 and 96?
48
Calculate the highest common divisor of 153 and 135.
9
Calculate the greatest common factor of 64 and 4672.
64
What is the highest common factor of 225 and 27?
9
What is the highest common factor of 210 and 60?
30
Calculate the highest common factor of 26 and 4966.
26
What is the greatest common divisor of 110 and 154?
22
Calculate the highest common divisor of 960 and 96.
96
Calculate the highest common factor of 180 and 8.
4
Calculate the highest common factor of 747 and 10956.
249
What is the greatest common divisor of 36 and 64?
4
Calculate the highest common divisor of 1768 and 104.
104
What is the highest common factor of 4142 and 1216?
38
What is the highest common divisor of 122 and 2?
2
What is the greatest common factor of 25381 and 17?
17
Calculate the greatest common factor of 638 and 176.
22
Calculate the highest common divisor of 6 and 732.
6
What is the highest common divisor of 40 and 6472?
8
Calculate the greatest common factor of 1404 and 9.
9
Calculate the highest common divisor of 15529 and 586.
293
What is the highest common divisor of 475 and 275?
25
Calculate the greatest common divisor of 406 and 98.
14
Calculate the greatest common divisor of 19 and 361.
19
Calculate the highest common divisor of 16820 and 20.
20
What is the greatest common factor of 11 and 5456?
11
Calculate the greatest common factor of 26 and 31018.
26
Calculate the greatest common factor of 1700 and 4420.
340
What is the greatest common divisor of 1221 and 333?
111
Calculate the greatest common divisor of 6480 and 165.
15
What is the greatest common divisor of 11298 and 21?
21
Calculate the highest common factor of 5768 and 63.
7
Calculate the greatest common divisor of 1150 and 50.
50
What is the greatest common factor of 2364 and 36?
12
What is the highest common factor of 95 and 6289?
19
Calculate the highest common divisor of 455 and 14.
7
What is the highest common divisor of 517 and 2444?
47
Calculate the highest common factor of 15970 and 20.
10
What is the highest common divisor of 678 and 6?
6
Calculate the highest common divisor of 46 and 18.
2
What is the greatest common divisor of 242 and 2783?
121
What is the highest common factor of 488 and 671?
61
Calculate the greatest common divisor of 45760 and 40.
40
What is the highest common factor of 525 and 28?
7
What is the greatest common factor of 1139 and 17?
17
What is the highest common divisor of 522 and 18?
18
What is the greatest common divisor of 1475 and 649?
59
What is the greatest common divisor of 1415 and 12169?
283
Calculate the highest common factor of 20 and 50.
10
What is the highest common factor of 2928 and 4148?
244
What is the highest common divisor of 114 and 35625?
57
Calculate the greatest common divisor of 30 and 890.
10
Calculate the highest common factor of 196 and 2646.
98
Calculate the greatest common divisor of 1911 and 78.
39
What is the greatest common divisor of 94 and 6?
2
Calculate the highest common divisor of 45 and 27.
9
Calculate the greatest common divisor of 1666 and 102.
34
What is the highest common factor of 10 and 151380?
10
Calculate the highest common divisor of 288 and 96.
96
What is the greatest common divisor of 24 and 40?
8
Calculate the highest common factor of 47616 and 128.
128
Calculate the highest common divisor of 408 and 9.
3
Calculate the highest common factor of 12 and 528.
12
What is the highest common divisor of 8 and 284?
4
What is the greatest common divisor of 40 and 810?
10
Calculate the highest common divisor of 40 and 640.
40
What is the greatest common factor of 664 and 16?
8
Calculate the greatest common divisor of 111 and 27.
3
What is the greatest common factor of 480 and 5664?
96
Calculate the greatest common factor of 1377 and 34.
17
Calculate the highest common factor of 93 and 3.
3
What is the greatest common factor of 12 and 2364?
12
Calculate the highest common divisor of 302 and 9513.
151
Calculate the greatest common divisor of 253 and 22.
11
Calculate the highest common divisor of 623 and 356.
89
What is the highest common divisor of 45 and 720?
45
What is the highest common factor of 16 and 218?
2
What is the greatest common divisor of 30 and 135?
15
What is the greatest common factor of 880 and 209?
11
Calculate the highest common divisor of 13 and 247.
13
What is the highest common divisor of 64 and 976?
16
What is the greatest common divisor of 30 and 3090?
30
What is the highest common divisor of 17904 and 373?
373
Calculate the highest common divisor of 40 and 750.
10
Calculate the highest common factor of 405 and 855.
45
Calculate the highest common factor of 15 and 1590.
15
What is the highest common factor of 5 and 46?
1
What is the highest common factor of 1479 and 51?
51
What is the highest common factor of 4893 and 133?
7
What is the highest common divisor of 7128 and 528?
264
What is the greatest common factor of 6913 and 31?
31
What is the highest common divisor of 74 and 481?
37
Calculate the greatest common factor of 273 and 182.
91
What is the greatest common divisor of 25 and 405?
5
Calculate the highest common factor of 18 and 81.
9
What is the highest common divisor of 78 and 832?
26
What is the highest common factor of 9100 and 182?
182
Calculate the greatest common factor of 2355 and 15.
15
What is the highest common divisor of 416 and 6448?
208
What is the greatest common divisor of 616 and 392?
56
Calculate the greatest common factor of 42 and 320.
2
Calculate the highest common divisor of 48 and 15.
3
Calculate the highest common divisor of 7068 and 48.
12
Calculate the highest common divisor of 388 and 1649.
97
Calculate the highest common factor of 22520 and 40.
40
What is the highest common divisor of 1404 and 54?
54
Calculate the highest common divisor of 33 and 5379.
33
Calculate the highest common divisor of 1790 and 70.
10
What is the highest common divisor of 25 and 20?
5
Calculate the highest common factor of 68 and 510.
34
Calculate the greatest common factor of 890 and 2492.
178
Calculate the greatest common divisor of 765 and 13617.
153
Calculate the greatest common factor of 77 and 3773.
77
Calculate the greatest common factor of 12 and 1918.
2
What is the greatest common divisor of 144 and 520?
8
Calculate the highest common factor of 276 and 26082.
138
What is the highest common divisor of 58 and 7424?
58
What is the greatest common divisor of 560 and 48?
16
Calculate the highest common divisor of 481 and 52.
13
What is the greatest common factor of 231 and 198?
33
What is the highest common divisor of 162 and 270?
54
What is the highest common factor of 40 and 88?
8
What is the greatest common factor of 85 and 2095?
5
What is the highest common factor of 98 and 833?
49
What is the greatest common divisor of 448 and 98?
14
Calculate the highest common factor of 46 and 8.
2
What is the highest common factor of 46 and 391?
23
Ca